se 15) to base 6
-23
What is -1000000000101 (base 2) in base 7?
-14646
Convert 164 (base 15) to base 9.
384
Convert 244 (base 12) to base 11.
28a
-853 (base 10) to base 8
-1525
Convert -309 (base 10) to base 12.
-219
1460 (base 7) to base 4
21011
Convert 12422 (base 5) to base 15.
45c
What is -5214 (base 6) in base 2?
-10010001010
e8b (base 15) to base 13
1655
Convert d67 (base 15) to base 4.
233032
What is -409 (base 15) in base 12?
-639
Convert 1114 (base 11) to base 6.
10443
407 (base 10) to base 11
340
Convert -2b23 (base 15) to base 9.
-13626
-1a0 (base 15) to base 14
-1cb
Convert 223302 (base 4) to base 13.
1377
Convert 1ab3 (base 13) to base 3.
12112101
What is 3102230 (base 4) in base 2?
11010010101100
-30433 (base 5) to base 12
-11a1
1973 (base 15) to base 4
1112010
2543 (base 12) to base 6
31323
-211 (base 14) to base 4
-12113
-450 (base 15) to base 14
-4d9
What is -2d8 (base 14) in base 8?
-1106
240322 (base 5) to base 10
8837
1a879 (base 11) to base 9
43707
b0 (base 12) to base 6
340
Convert 187 (base 12) to base 10.
247
What is 112413 (base 5) in base 16?
100c
What is -5003 (base 9) in base 16?
-e40
What is -6e (base 15) in base 9?
-125
Convert 1633 (base 7) to base 13.
3bb
Convert 3120 (base 4) to base 5.
1331
-8801 (base 12) to base 4
-3222001
Convert -220330 (base 4) to base 9.
-3531
What is 1404 (base 7) in base 3?
202010
What is -2a6 (base 14) in base 6?
-2254
1110100110111100 (base 2) to base 8
164674
What is 11111101000 (base 2) in base 3?
2202222
What is -3202303 (base 4) in base 3?
-201220121
Convert -432 (base 6) to base 11.
-13a
3214 (base 5) to base 14
230
-11120122 (base 3) to base 14
-1306
What is -98dc (base 14) in base 8?
-63532
What is -176ab (base 14) in base 3?
-2222212101
Convert -7305 (base 11) to base 7.
-40144
-504 (base 10) to base 14
-280
1c629 (base 13) to base 11
39066
-19 (base 13) to base 14
-18
Convert 4554 (base 7) to base 3.
2021100
Convert -11140 (base 5) to base 11.
-663
What is -963 (base 12) in base 13?
-816
Convert -8bc (base 14) to base 4.
-123012
What is 241632 (base 7) in base 16?
ab66
What is -112420 (base 8) in base 10?
-38160
What is 27bc2 (base 13) in base 16?
12316
What is -787 (base 10) in base 9?
-1064
Convert 1411 (base 8) to base 4.
30021
-43 (base 16) to base 13
-52
-20b0 (base 13) to base 5
-121122
Convert -133342 (base 5) to base 14.
-1dcc
What is 24410 (base 6) in base 15?
1106
-8aa3 (base 11) to base 10
-11971
Convert 11112 (base 4) to base 8.
526
Convert -110010111 (base 2) to base 5.
-3112
Convert 342 (base 12) to base 15.
222
Convert -200442 (base 5) to base 9.
-8660
102303 (base 4) to base 13
717
Convert -1022001121 (base 3) to base 6.
-314154
What is 460 (base 15) in base 10?
990
Convert 2538 (base 11) to base 4.
303230
Convert -238 (base 12) to base 13.
-1c7
44244 (base 5) to base 7
11651
What is -2502 (base 6) in base 3?
-211202
-8721 (base 9) to base 11
-4905
580 (base 10) to base 14
2d6
Convert -220112 (base 3) to base 13.
-3bc
What is 65523 (base 8) in base 14?
a027
-2113 (base 6) to base 9
-580
Convert 252445 (base 7) to base 5.
2442114
Convert -a0b (base 13) to base 6.
-11513
Convert -11411 (base 5) to base 10.
-856
What is -100132 (base 4) in base 9?
-1401
-1301 (base 9) to base 3
-1100001
2324 (base 8) to base 12
870
Convert -11111010220 (base 3) to base 6.
-1520510
What is -1240122 (base 5) in base 12?
-12164
What is 569 (base 15) in base 16?
4c8
Convert -4c07 (base 16) to base 13.
-8b22
Convert -48a52 (base 11) to base 2.
-10001001101001111
-282 (base 10) to base 11
-237
What is 1101110101 (base 2) in base 6?
4033
-15132 (base 7) to base 3
-12202010
87 (base 11) to base 3
10112
What is -15362 (base 8) in base 14?
-272a
What is 483 (base 12) in base 3?
221000
-251024 (base 6) to base 4
-11123320
Convert -100030 (base 4) to base 11.
-862
What is -9533 (base 11) in base 16?
-314c
-1740 (base 9) to base 15
-5dc
What is -3201 (base 12) in base 3?
-21111201
What is 1000101 (base 5) in base 15?
4986
What is 1011011111000 (base 2) in base 3?
22001210
What is 213 (base 14) in base 5?
3114
Convert -786 (base 11) to base 16.
-3ad
Convert -10404 (base 5) to base 4.
-23121
What is 101303 (base 4) in base 9?
1505
What is -91e (base 16) in base 9?
-3173
646 (base 12) to base 15
413
Convert 804 (base 11) to base 8.
1714
Convert 37077 (base 8) to base 2.
11111000111111
What is -10 (base 12) in base 14?
-c
Convert -10104 (base 6) to base 10.
-1336
a5b (base 12) to base 5
22021
Convert -32125 (base 6) to base 8.
-10425
What is -1087 (base 9) in base 5?
-11213
Convert -2865 (base 12) to base 9.
-6375
Convert -338 (base 9) to base 14.
-15c
-44021 (base 5) to base 3
-11010112
-44460 (base 8) to base 12
-aa14
What is -2096 (base 10) in base 16?
-830
Convert 24207 (base 11) to base 8.
104047
What is 100010000000011 (base 2) in base 7?
101522
What is 11001110101 (base 2) in base 15?
753
Convert -750 (base 15) to base 10.
-1650
Convert 1013240 (base 5) to base 2.
100000100110111
What is -100121010 (base 4) in base 9?
-112080
What is 2646 (base 15) in base 7?
32544
What is 1010000011100 (base 2) in base 8?
12034
2744 (base 12) to base 9
6167
Convert 60322 (base 7) to base 3.
201222121
-20 (base 3) to base 4
-12
What is 661 (base 15) in base 5?
21231
-153732 (base 8) to base 3
-2210210121
Convert 21022 (base 4) to base 10.
586
65b4 (base 12) to base 13
5155
1872 (base 15) to base 5
132112
Convert 44063 (base 7) to base 4.
2230031
Convert -3034 (base 13) to base 9.
-10081
What is -33b (base 16) in base 12?
-58b
Convert 110110100000 (base 2) to base 3.
11210012
What is d1d (base 15) in base 13?
1462
-352 (base 13) to base 4
-20332
-401 (base 7) to base 8
-305
What is 5327 (base 9) in base 6?
30041
What is 1558 (base 9) in base 16?
4a3
Convert -4bb2 (base 14) to base 11.
-9a90
Convert 1201110 (base 3) to base 13.
756
Convert -8e7b (base 16) to base 12.
-19137
What is 6332 (base 7) in base 8?
4264
-1201022012 (base 3) to base 2
-1000001111011011
1020102 (base 4) to base 6
33230
2e64 (base 16) to base 15
37bb
Convert -12523 (base 7) to base 6.
-23301
What is -5303 (base 10) in base 15?
-1888
Convert -1101111 (base 5) to base 14.
-6c66
2154 (base 16) to base 4
2011110
4615 (base 7) to base 13
9c1
What is e81 (base 16) in base 10?
3713
10100111100 (base 2) to base 16
53c
2503 (base 7) to base 2
1110100110
Convert -2223211 (base 4) to base 10.
-10981
Convert 1002202 (base 3) to base 2.
1100100011
Convert 11000110111 (base 2) to base 5.
22331
-810d (base 16) to base 8
-100415
Convert -11001000010 (base 2) to base 4.
-121002
-27bb (base 13) to base 2
-1011001100011
What is 192 (base 16) in base 5?
3102
Convert 111110000110 (base 2) to base 3.
12110012
Convert -3013 (base 8) to base 16.
-60b
What is -2464 (base 8) in base 9?
-1740
Convert 20210002 (base 3) to base 10.
4943
202133 (base 4) to base 5
32312
1080 (base 9) to base 3
1002200
-1001110011001 (base 2) to base 10
-5017
What is 334320 (base 5) in base 13?
5505
458 (base 11) to base 5
4142
What is -26797 (base 10) in base 5?
-1324142
Convert -a848 (base 12) to base 16.
-4838
-5194 (base 13) to base 16
-2c0b
What is 68c (base 14) in base 13?
790
-14 (base 8) to base 6
-20
Convert 10010010010 (base 2) to base 13.
6c0
Convert -eb6 (base 15) to base 3.
-11120000
What is 603c (base 15) in base 16?
4f53
Convert 9b0 (base 12) to base 15.
653
Convert -451 (base 13) to base 8.
-1346
19162 (base 10) to base 11
13440
33201303 (base 4) to base 7
353301
What is 10100 (base 5) in base 11?
541
Convert 984 (base 15) to base 10.
2149
Convert 10df (base 16) to base 15.
142e
-1614 (base 10) to base 9
-2183
What is 52a (base 12) in base 10?
754
151 (base 7) to base 11
78
Convert -11251 (base 6) to base 5.
-22430
Convert -20420 (base 8) to base 16.
-2110
Convert -7206 (base 10) to base 12.
-4206
4214 (base 5) to base 10
559
What is -1011110001001 (base 2) in base 6?
-43521
-1311 (base 7) to base 5
-3443
Convert 5ab3 (base 12) to base 15.
3060
Convert 70845 (base 9) to base 6.
555452
What is -2282 (base 11) in base 12?
-1896
What is -126 (base 12) in base 11?
-149
-5e1b (base 16) to base 2
-101111000011011
What is -11010010011011 (base 2) in base 14?
-4c9d
1280 (base 9) to base 10
963
What is -13202 (base 6) in base 12?
-1202
Convert 1441 (base 16) to base 2.
10